14 - -9) + (2 - (-8 + 22))
-17
What is the value of -3 + 13 + -4 - 17?
-11
Calculate -1 - 4 - (-57 + 76).
-24
8 + 25 + -16 + -5
12
What is the value of (-465 - -464) + (-12 - 1)?
-14
Evaluate (5 - ((46 - 38) + (-5 - 0))) + -2.
0
Calculate 7 + (-13 - (-6 + -12)) + -13.
-1
Calculate (-1 - -12) + 22 + -4 + -7.
22
Evaluate -7 + (-8 - (3 - 18)) + 2.
2
Evaluate -13 + 18 - (-12 - (-21 + -9)).
-13
What is 6 + (-13 + 21 - 14)?
0
-8 - (-14 + 4 + 11)
-9
What is the value of (11 + -4 - 1) + -17 + 1 + -30?
-40
What is 7 - ((10 - 3) + -2 + -2 + 5)?
-1
What is the value of 1 + (6 - (-7 + 11))?
3
Evaluate 5 + -4 - (-4 - (11 - 34)).
-18
Calculate -21 - (10 - 18) - 3.
-16
Evaluate (-4 - 32) + (7 - (-7 + 4)).
-26
What is the value of -13 + 42 + (7 - -2) + -15?
23
What is 0 - (0 + 6) - (-19 + (-1 - 0))?
14
Evaluate -53 + (-27 - -36) - -19.
-25
(-9 - (7 - 4)) + 18
6
Calculate 7 + 6 + 2 + (3 - 64 - -21).
-25
What is the value of 5 + (4 - 14 - -15) - 15?
-5
What is the value of -14 - (30 + -57 + 12)?
1
What is the value of (-3 - -5 - 4) + 5 - (0 + 11)?
-8
-5 - (3 + -8 + 11 - (-7 - -7))
-11
13 + -31 + 16 + 7
5
-17 + 6 + -13 + 17
-7
6 - -4 - (27 - 7)
-10
Calculate 16 - 20 - -5 - (0 + 9).
-8
9 - (-15 - -5 - -2) - 8
9
-6 + 7 + -2 + 4 + -7
-4
Evaluate (-5 - (1 + -2)) + (587 - 572).
11
-12 - (6 + -1 - (8 - (-11 - -6)))
-4
6 - (18 - -8 - 11)
-9
-1 + 8 + -6 + (2 - 0) + -6
-3
What is the value of -4 + -12 + (3 - 5) + 6?
-12
Calculate (-8 - (9 + (2 - 8))) + -8.
-19
What is 3 + 3 + -1 - (7 + -6 + 17)?
-13
Calculate 14 - (8 - -3 - 1).
4
What is 11 + -11 - (-43 + 27)?
16
What is the value of -430 - -434 - (-10 + -1)?
15
What is -32 - (-63 - (-40 - -6))?
-3
What is 53 + -10 - 36 - (2 - (1 + -2))?
4
What is -10 - (6 + (-20 - 9))?
13
What is -3 + (-6 - -7) + (6 - 0)?
4
What is -4 + -3 + 6 + 6 - (-7 - 0)?
12
Calculate -4 - (21 + -14) - (-7 + -22).
18
Calculate 12 + (1 - 4) + -3 - (-43 + 42).
7
Evaluate -1 + -1 - (21 - (2 - -46) - -44).
-19
Evaluate 1 + (-1 - 16) + (-5 - -9).
-12
9 + -10 + (-3 - (-16 + 5))
7
What is -5 + (9 - -22 - (-31 - -31))?
26
What is the value of 3 - 14 - (-2 + 38 + -23)?
-24
Evaluate -34 - (-11 - ((1 - 20) + 16)).
-26
Calculate 10 + -13 + -9 - 1.
-13
What is 38 + -13 + (8 + -8 - 10)?
15
Evaluate (13 - (-1 + 6)) + -3 + 10.
15
What is 13 + -2 + -10 + -4?
-3
Calculate -8 + (-2 - -1) + 8 - 1.
-2
-1 - -2 - ((12 - 20) + 12)
-3
(-95 + 99 - (12 - -2)) + 7
-3
Evaluate -34 + (-20 + 46 - 11).
-19
(10 - (3 + 2)) + (9 + -11 - 4)
-1
What is the value of (26 - 3) + -7 + (-8 - -4)?
12
Evaluate -15 + ((-8 - -71) + -14 - 11).
23
Calculate 4 - (-3 - (-9 + 4)) - -9 - 6.
5
(7 - 0 - -8) + 1 - 9
7
-5 - (-14 + 1 - -6)
2
What is the value of (10 - (-3 - (-9 - -4))) + -15 + 19?
12
What is 1 - 6 - (3 + (-7 - -9 - 17))?
7
Calculate 1 + -7 - (48 + -53 + 4 + 0).
-5
What is 6 + -9 + -2 - -8 - (-3 - -3)?
3
What is the value of (2 - (-3 - 2)) + (-190 - -151) - -4?
-28
What is (275 - 298) + (17 - (-1 - -2))?
-7
Calculate -8 - (0 + 18 + -28).
2
Evaluate 4 + 5 + (4 - -1) + -2.
12
Calculate 4 - 1 - (-71 + 48 - -19).
7
Evaluate 11 + 2 + -75 + 57.
-5
9 - (-3 + 6) - (7 - 4 - 5)
8
What is the value of 6 + -10 + -5 + -6 + 12?
-3
What is the value of 1 + 2 + 7 + 6 + -7 + -13?
-4
Calculate (2 - (4 - 0)) + (207 - 228).
-23
Evaluate -19 - (1 + 17 - (-27 - -70)).
6
Calculate 2 + (11 - 22) + 4.
-5
474 + -506 - (2 - (-3 + 3) - 3)
-31
Calculate (7 - 0) + (20 - 14) - 40.
-27
Evaluate 11 - (-1 + 16 - (19 - 2)).
13
3 + (-4 - 3) + 3 + (5 - 26)
-22
Calculate (1 - 7) + 76 + -74 - 32.
-36
16 - (49 - (33 - 21))
-21
Calculate 1 + -2 + 9 + 430 + -436.
2
What is 8 - (4 - 9) - (-108 + 142)?
-21
Calculate (-208 - -219 - (-2 + (-1 - -21))) + -8.
-15
What is the value of (28 - (28 + -20)) + -7?
13
Calculate -3 + (-2 + 6 - 3) + 7 + -2.
3
Evaluate -8 - (1 + 2) - (47 + -74).
16
What is 15 + (-5 - (7 - 10))?
13
What is 19 + 5 - (10 + 7)?
7
39 + 1 + -45 - 4
-9
What is the value of (-2 - -2) + 2 + -2 + -22 + 33?
11
Evaluate 45 + -13 + -2 - 12.
18
Evaluate (-3 - 0) + (-55 - -68) + (-8 - -2).
4
Evaluate -7 - (-46 - -87 - 27).
-21
Calculate 3 + -2 + (-8 - 1) + 17.
9
Evaluate 247 + -258 + (-13 - 2) + (2 - 5).
-29
Calculate (-1 - -7) + (82 - 82).
6
Evaluate (23 - 19) + 7 + -27.
-16
Calculate 20 - (-1 - 2) - (-119 + 129).
13
What is the value of (7 - (5 + 19)) + (5 - (0 - 0))?
-12
Evaluate -33 + 33 + 1 + 1 - (3 + 0).
-1
0 - (-81 + 98 + (0 - 1 - -6))
-22
What is the value of 11 - ((-34 - -29) + 4 + 1)?
11
Evaluate 1 - (-72 + 79 - (0 + 22)).
16
What is 2 + (-48 - (-13 - 6) - (-7 - 1))?
-19
Calculate -9 + 8 + 2 + 8 - -1.
10
What is the value of -11 - (-17 + 21 + -13)?
-2
What is -15 + 4 + 3 - (-4 - -8 - 0)?
-12
What is 288 - 298 - (0 - 0)?
-10
Calculate -570 + 552 + (-13 - (-2 - -1)).
-30
(15 - (22 - 19) - 8) + -35
-31
What is the value of 1 - (28 - 15) - (3 + -27)?
12
22 - (-22 + 2 + 51)
-9
What is the value of (3 - -4) + 20 - (-4 + 0 + 12)?
19
What is the value of 8 + (-67 - (-37 - -2))?
-24
Calculate (4 - -8) + -15 + 15 + -4.
8
What is -10 + 0 + -4 + 5?
-9
What is the value of (-1 - -7) + (-62 + 40 - -11)?
-5
13 + (-4 - -10 - 11)
8
Calculate 6 - 2 - (172 - 153).
-15
Calculate -112 - -121 - (5 + 2).
2
Calculate -7 - (6 + -3) - (531 - 522).
-19
Calculate (1 - -7) + (13 - 19) + -35 + 29.
-4
What is (-4 - 6) + 3 + 0 + (37 - 8)?
22
What is -66 + 60 + (1 + 1 - -15)?
11
What is the value of -20 + (4 + (4 - 2) + -7 - -7)?
-14
What is (31 - (24 + -3)) + -36?
-26
Evaluate 33 + -37 - (-16 - -37).
-25
(-11 - (1 - 5)) + (29 - 14)
8
What is 3 - 2 - (2 + 2) - (171 + -172)?
-2
Calculate -20 - (7 + (2 - (3 - -7))).
-19
2 + -1 + 1 + 25 + -9
18
What is 14 + -27 + 14 - 7?
-6
-12 + 1 + -3 + 3 + 11
0
Calculate 14 + (-12 - (1 + 4)).
-3
What is -14 + (16 - -2) - 15?
-11
18 + -43 + (-38 - -49) + (-11 - -1)
-24
Calculate -2 + 29 + (-15 - -32 - 40) + 18.
22
-9 - ((50 - 42) + (-8 - 0))
-9
Calculate -6 - (4 + (-15 - (4 + -13 + 2))).
-2
What is (-351 - -350) + 11 + -1?
9
What is the value of (-12 - -18) + -21 + 0?
-15
Evaluate (-3 - -4) + (6 - 1).
6
(-18 - 49 - -59) + (1 - 3)
-10
What is -23 + 0 + (-205 - -226)?
-2
-7 + 5 + -3 - -9 - -14
18
Calculate 13 - (8 + -4 + -2 + 3).
8
Calculate (-11 - (0 - 6)) + 11 - 9.
-3
Evaluate (-12 - (-8 - -4)) + -16 + 1 + 2.
-21
Calculate -15 + 34 + -32 + 31.
18
Evaluate 0 - -9 - (-5 - ((-13 - -6) + -12)).
-5
Calculate (-10 - -1) + -6 + (14 - (0 + 8)).
-9
Evaluate 11 - (9 + 6 + -9 + -1).
6
What is -10 + 14 + (9 - 2) + 3?
14
4 + (6 - 27) + 15
-2
What is -8 + 5 + 7 - (2 + 6 - 5)?
1
What is 2 + (-14 - (-14 - 4)) + -18?
-12
What is 13 - (-12 - (17 + -22))?
20
Evaluate 1 - -1 - ((17 - -9) + -19).
-5
-26 - (-38 + 5) - -31
38
What is -5 + (-1 - 2) + -2 + -4 + -4?
-18
What is the value of (8 - (-8 + 17)) + -15 + 12?
-4
1 + 12 + (-1 + 4 - (43 + -44))
17
Calculate -28 - (57 + -48 + (-23 - 3)).
-11
Evaluate (-3 - 3) + (46 - 39).
1
Evaluate -1 + 14 + 187 + -173.
27
What is 11 - ((-11 - (9 - 11)) + 10)?
10
What is 22 - (4 - -1 - 5 - -6 - 4)?
20
-3 + 5 + -4 - (-4 - -12 - 16)
6
What is the value of -13 + 18 - (10 - 19)?
14
Calculate -25 - ((71 - 30) + -37).
-29
What is the value of 302 - 289 - (-2 + 10)?
5
Calculate -8 + (-23 - (25 - 66)).
10
0 - (-1 - (-1 + 3 + 4 + -3))
4
35 + -41 + (11 - 2) - (5 + 3)
-5
What is the value of -35 - (-107 - -65) - (0 + 2 + 1)?
4
What is the value of 25 - (11 - 2) - 11?
5
What is the value of -11 + 10 + (4 - -5)?
8
1 + (-190 - -187 - (11 + 1))
-14
Evaluate (-4 - -25 - 17) + (-1 - -14).
17
What is the value of -22 + -66 + 86 - (-1 + 3)?
-4
Calculate 3 + 1 + 4 + 8 + -20 + 27.
23
What is the value of -132 + 129 - (2 - (-10 + -1)) - -1?
-15
What is the value of (-16 - -3 - 4) + -10 + (17 - 7)?
-17
What is (-10 + 24 - 20) + 11?
5
Evaluate 5 - (-12 - -2) - 21.
-6
What is the value of 7 - (-4 - -21) - (-48 + 58)?
-20
What is 2 + (12 - 12) + (-5 - -3) - -9?
9
What is 0 - (13 - (-1 - (7 + -10)) - -1)?
-12
Evaluate -4 - ((44 - 56) + 1 + -19).
26
Evaluate -23 - (16 + (-14 - 20)).
-5
What is (-107 - -93) + 12 + -1?
-3
What is (-140 + 39 - -31) + 47?
-23
What is the value of -9 - (-31 - -9 - (15 - 14))?
14
Calculate (-6 + -1 + 12 - 6) + -9 + -5.
-15
Calculate -4 + (-59 - -30) - -3.
-30
Evaluate 12 - (13 + (-12 - 0) + 3).
8
Calculate (4 - (6 - (10 + -6))) + -2 + 3.
3
Evaluate (3 + -5 - -10) + -6 + -3.
-1
71 + -64 - (7 + 0)
0
(